t of s(b)?
2
Let q be 3/(-3) - (1 - 5). Let a(b) = 2 - q + 2*b - 4*b + 3. What is the units digit of a(-3)?
8
What is the hundreds digit of 4/10*15/9*159?
1
Let u be 138/7 - 18/(-63). Suppose -f - 40 = -4*w - 2*f, 2*w - 4*f - u = 0. What is the tens digit of 88/9 - w/(-45)?
1
Let z(x) = x**2 - 4*x + 3. Let r be z(3). Suppose -75 = -5*i - 5*d, r = -i + d + d. What is the tens digit of i?
1
Let n be 4*1/6*3. Suppose -4*l = -j + 16, -2*l - 14 - n = -j. What is the tens digit of j?
1
Let t be 2/7 - 1308/(-28). Suppose -t = -d - 2*q - q, -5*d + 167 = -2*q. What is the units digit of d?
5
Let b(q) = -5*q - 7. Let c be b(-5). Suppose 3*w + c = 5*w. What is the units digit of w?
9
Suppose 214 + 138 = 4*y. Suppose y = -0*g + 4*g + 4*v, 0 = -2*g + 3*v + 34. What is the units digit of g?
0
Let g be (-345)/(-2) + 42/(-28). Suppose 0 = 4*d + 47 - g. What is the units digit of d?
1
Let g(u) = u**2 + 9*u + 11. Let k be g(-8). Suppose -4 = k*x - 10. What is the units digit of x?
2
Suppose 5*b - 3 = -18, 5*v - 4*b + 18 = 0. Let f = 2 + v. What is the units digit of f/(-10) - 66/(-10)?
7
Let v be -12 + ((-3)/(-1))/(-1). Let g be (-4)/5*v/6. Suppose -12 = -2*q - 3*h, g*q - 21 + 5 = -h. What is the units digit of q?
9
Let c(y) be the first derivative of y**2/2 - 2*y + 1. Let t be c(5). Suppose 3*n - 53 = 4*m, 2 = t*m + 8. What is the tens digit of n?
1
Let v(k) = -k**2 + 2*k + 1. Let u be v(2). Let f(y) = -6*y. Let j be f(u). Let h(a) = -a**2 - 7*a - 1. What is the units digit of h(j)?
5
Let p(z) = 3*z**2 - 4*z - 6. Let t be p(-4). Let f = 82 - t. What is the units digit of f?
4
Suppose -20 = -2*c + 60. Let z = c - 22. What is the units digit of z?
8
Let j be (2 - (0 + 2)) + 2. Let a be (5 + j)*18/21. What is the units digit of 84/15 + a/15?
6
Let u = 10 + -8. Suppose u - 20 = -3*c. What is the units digit of c?
6
Let r = -4 - -7. Suppose r*k + 2*k = 185. What is the units digit of k?
7
Suppose q - 288 = -3*s + 6*q, 192 = 2*s + q. What is the tens digit of s?
9
Suppose 2*l - 3*l = -11. Suppose -l = -v - 4. What is the units digit of v?
7
Suppose 0 = 8*b - 4*b - 128. What is the tens digit of b?
3
Suppose 3*c + 3*t = 81, 3*t = -4*c - c + 139. What is the units digit of c?
9
Let w(n) = 2*n - n + 0*n - 1. Let q be w(-4). Let m = q - -6. What is the units digit of m?
1
Let c = -2 + 2. Let r be -3 + c + -4 + 7. What is the units digit of (33 + r)*3/9?
1
Suppose -v + 0 = -2. What is the tens digit of ((-66)/15 + v)*-5?
1
Let w(k) = 41*k**3 - k**2 + 1. Let y be w(1). Suppose 4*l - y = 2*l + 5*t, 59 = 3*l - 5*t. What is the tens digit of l?
1
Suppose 5*l = 6 + 69. Suppose 2*f - 6*f = -20. What is the units digit of 3/l + 34/f?
7
Suppose -5*o + 2*m + 17 = -127, -4*o - 2*m = -108. What is the units digit of o?
8
Suppose -2 + 0 = -i. Suppose -5*k - i = 13. What is the units digit of k*-1*(-2 - -3)?
3
Let v be -8 - -5 - -5*1. Suppose -v*p + 80 = 3*p - 5*a, 5*a = p - 12. What is the tens digit of p?
1
Let i = 402 - 242. What is the tens digit of i?
6
Let m = -28 + 40. Suppose 2*y + 19 = r, y + 3*y + 20 = -4*r. Let h = m + y. What is the units digit of h?
4
Suppose 9*z - 132 = 5*z. What is the tens digit of z?
3
Let u(s) = 4*s**2 + s. What is the units digit of u(2)?
8
Let b = 17 + 297. What is the units digit of b?
4
Suppose 4*v - 113 = 3*i + 68, -3*v = -3*i - 138. What is the units digit of v?
3
Suppose -3*i - i = -164. What is the units digit of i?
1
Suppose -4*u = -4*r + 4, 5*r - 3*u + 3 = 12. What is the units digit of r?
3
Let f(k) = k + 1. What is the units digit of f(21)?
2
Suppose 3 = 3*o + 12. Let k be (o + 2 - -2)*-1. Let j = 5 - k. What is the units digit of j?
6
Let t(p) = 25*p + 37. What is the hundreds digit of t(4)?
1
Let a be 3 + (12/(-1) - 0). Let j = 11 + a. What is the units digit of j?
2
Let d be -40*((-4)/(-5))/(-2). Let x = -7 + d. What is the units digit of x - 2 - (4 - 3)?
6
Let w be 0 + (-2 - (-7 + 3)). Let u = w + 10. Suppose -3*t = -u, 4*g - 5*t = -6 - 10. What is the units digit of g?
1
Let s = 150 + -4. What is the units digit of s?
6
What is the hundreds digit of 24/(-84) + 3/((-42)/(-1880))?
1
Let o be -3*(-1)/(-1) - 0. Let d(t) = t**3 + 4*t**2 - 2*t - 1. What is the units digit of d(o)?
4
What is the units digit of 0 + -5 - (-2266)/11?
1
Suppose 26*n - 25*n - 72 = 0. What is the tens digit of n?
7
Let s(t) be the second derivative of -t**4/6 + 5*t**3/3 - 3*t**2 + 2*t. Let m be s(6). What is the units digit of ((-4)/((-8)/m))/(-1)?
9
Let d(a) = a**3. Let i(w) = -5*w**3 - 13*w**2 - 5. Let m(u) = -6*d(u) - i(u). What is the units digit of m(13)?
5
Suppose -4*m + 562 = y - 0*y, -272 = -2*m + 4*y. What is the tens digit of m?
4
Suppose 4*i + v - 4 = -3*v, -5*i + 3*v + 13 = 0. Suppose 6*s - 57 = s + 4*x, 5*s = i*x + 51. Let l = s - 5. What is the units digit of l?
4
Suppose 2*t = -5*g + 27, -2*g - g - 4*t = -19. Suppose 12 = u - j, -g*u + 2*j = 32 - 86. What is the units digit of u?
0
Let j = 172 - 90. What is the units digit of j?
2
Suppose -21 - 12 = 3*b. Let o(s) = -18*s**2. Let i be o(-1). Let x = b - i. What is the units digit of x?
7
Let i(b) = -4*b + 21. Let m(q) = 3*q - 14. Let t(y) = -5*i(y) - 7*m(y). What is the units digit of t(-11)?
4
Let q(p) = -p**2 - 4*p + 3. Suppose 4 = -3*d - 5. What is the units digit of q(d)?
6
Let y(l) = 3*l + 8. Let w be y(-6). Let m be (-18)/w - 3/(-15). Suppose 0*a = -3*a, -m*a - 32 = -4*q. What is the units digit of q?
8
Suppose 6 = 3*q - 2*v - 12, -3 = v. What is the units digit of q?
4
Suppose -5*n + 4*o + 160 = -o, -4*n + 129 = -3*o. Suppose 0 = 3*t + 9 - n. What is the units digit of t?
8
Suppose -3*a - 18 = -63. Suppose 5*p + 2*k - 6 = p, 0 = -5*p - 4*k + a. What is the units digit of p/2*(-6 - -4)?
1
Suppose 5*a + 0 - 25 = 0. What is the units digit of a?
5
Let x be ((-30)/9)/(1/(-3)). Let r be 1/((x/(-6))/(-5)). Suppose -y + 27 = 4*d, -5*d - r = -y - 3*y. What is the units digit of y?
7
Let z(g) = 7*g**2 + 3*g + 10. Let u(l) = 8*l**2 + 3*l + 11. Let y(b) = -5*u(b) + 6*z(b). What is the units digit of y(-4)?
5
Let h(u) = -6*u - 2. What is the units digit of h(-3)?
6
Let q(o) = -o**3 - 3*o**2 - 2*o. What is the tens digit of q(-5)?
6
Let r = -178 - -336. What is the units digit of r?
8
Suppose 0 = -5*o - 5 + 290. What is the tens digit of o?
5
Let u = 1157 + -802. What is the hundreds digit of u?
3
Let q be 4*(2 - (-42)/8). Let m = 46 - q. What is the tens digit of m?
1
Suppose -3*a = -8*a - 75. What is the units digit of a/(-10)*(-32)/(-6)?
8
Suppose -9 = -2*s + 7. Suppose 3*b + b - s = 0. What is the units digit of b?
2
Suppose 29 - 815 = -3*b. What is the tens digit of b?
6
Let b(g) = 9*g**3 + g**2 - g. Let a be b(1). Suppose 0 = 2*d - 11 - a. What is the units digit of d?
0
Suppose -7 = 4*d - 5*d. Let q = d + -6. What is the units digit of 13/2 - q/(-2)?
7
Suppose -5*i + 105 + 100 = 0. What is the units digit of i?
1
Suppose 3*j - 3 - 12 = 0. Let n(d) = 2*d - 2. Let b be n(7). Suppose -2*p = -j*p + b. What is the units digit of p?
4
Suppose 4*t + 112 = 3*z, 5*z + 4*t - 143 - 33 = 0. What is the units digit of (z*1)/3 - 3?
9
Suppose -3*y + 0 = 9, -d = 3*y + 15. Let g = -10 - d. Let q = g - -5. What is the units digit of q?
1
Let b = 13 - 11. Suppose -83 = b*n - 6*n - 5*w, w + 48 = 3*n. What is the tens digit of n?
1
Let f(u) = 2*u + 55. What is the units digit of f(-6)?
3
What is the tens digit of ((-30)/4)/(1 + (-36)/32)?
6
Let n(o) = -o - 6. Let b be n(-11). Suppose -k = -2*d + 4*d - 49, b*d = 5*k + 145. What is the units digit of d?
6
Let n be 14/(-10) + (-8)/(-20). Let w be -1*(1 - (-16 - n)). What is the units digit of 1/(14/w + 1)?
8
Let r(z) = -z**2 + 4*z + 2. Let m be r(5). Let k = m - -19. Suppose i - k = -i. What is the units digit of i?
8
Let o(u) = u**3 - 4*u**2 - 3*u + 3. What is the tens digit of o(8)?
3
Suppose t - 4*t + 15 = 0. Suppose -2*g = m + 2*m - 45, t*m + 50 = 5*g. What is the units digit of g?
5
Suppose 13*c = 15*c - 76. What is the tens digit of c?
3
Suppose 3*n + 3*u = 324, -5*n = -0*n + 3*u - 532. What is the hundreds digit of n?
1
Let t(w) = w**3 + 7*w**2 + 4*w - 7. What is the units digit of t(-6)?
5
Suppose 2*s - 51 - 45 = -5*c, -5*c - s + 93 = 0. What is the tens digit of c?
1
Suppose 0 = 4*j + l - 499, -2*j - 3*j - 2*l = -620. What is the units digit of j?
6
Let w =